{"id":886,"date":"2014-06-04T16:50:35","date_gmt":"2014-06-04T16:50:35","guid":{"rendered":"http:\/\/www.mundomuseo.com\/?page_id=886"},"modified":"2015-07-20T16:25:54","modified_gmt":"2015-07-20T16:25:54","slug":"polonia","status":"publish","type":"page","link":"https:\/\/www.mundomuseo.com\/?page_id=886","title":{"rendered":"Polonia"},"content":{"rendered":"<p><em><strong>Pa\u00eds por descubrir, se encuentra en el coraz\u00f3n del continente europeo, con ciudades maravillosas llenas de historia, lugares que\u00a0<\/strong><\/em><em><strong>nos llevan a los tr\u00e1gicos acontecimientos del \u00faltimo siglo y otros de una belleza espectacular que asombran a todo visitante, lo puedes ver en estos v\u00eddeos.<\/strong><\/em><\/p>\n<p><em><strong><span style=\"color: #0000ff;\">Varsovia<\/span>: belleza resurgida de sus cenizas tras el desastre de la segunda guerra mundial.\u00a0<\/strong><\/em><\/p>\n<p><a title=\"Varsovia\" href=\"https:\/\/www.youtube.com\/watch?v=AYy0M1j4_eM\" target=\"_blank\"><img loading=\"lazy\" decoding=\"async\" class=\"alignnone size-medium wp-image-891\" src=\"http:\/\/www.mundomuseo.com\/wp-content\/uploads\/2014\/06\/044-dscn0102-1-300x75.jpg\" alt=\"044 dscn0102-1\" width=\"300\" height=\"75\" srcset=\"https:\/\/www.mundomuseo.com\/wp-content\/uploads\/2014\/06\/044-dscn0102-1-300x75.jpg 300w, https:\/\/www.mundomuseo.com\/wp-content\/uploads\/2014\/06\/044-dscn0102-1-1024x258.jpg 1024w, https:\/\/www.mundomuseo.com\/wp-content\/uploads\/2014\/06\/044-dscn0102-1.jpg 1903w\" sizes=\"auto, (max-width: 300px) 100vw, 300px\" \/><\/a><\/p>\n<p><em><strong><span style=\"color: #0000ff;\">Cracovia-Wieliczka<\/span>: Croacia la ciudad m\u00e1s importante del sur con un casco urbano repleto de monumentos \u00a0y rincones maravillosos. Wieliczka uno de los lugares \u00a0que te dejaran asombrado con su espectacular mina de sal y Zakopane capital\u00a0<\/strong><\/em><em><strong>de invierno del sur polaco.<\/strong><\/em><\/p>\n<p><a title=\"Cracovia-Wieliczka\" href=\"https:\/\/www.youtube.com\/watch?v=hNxarSEQvBI\" target=\"_blank\"><img loading=\"lazy\" decoding=\"async\" class=\"alignnone size-medium wp-image-893\" src=\"http:\/\/www.mundomuseo.com\/wp-content\/uploads\/2014\/06\/200-dscn0405-1-300x76.jpg\" alt=\"200 dscn0405-1\" width=\"300\" height=\"76\" srcset=\"https:\/\/www.mundomuseo.com\/wp-content\/uploads\/2014\/06\/200-dscn0405-1-300x76.jpg 300w, https:\/\/www.mundomuseo.com\/wp-content\/uploads\/2014\/06\/200-dscn0405-1-1024x259.jpg 1024w, https:\/\/www.mundomuseo.com\/wp-content\/uploads\/2014\/06\/200-dscn0405-1.jpg 1907w\" sizes=\"auto, (max-width: 300px) 100vw, 300px\" \/><\/a><\/p>\n<p><span style=\"color: #0000ff;\">\u00a0<em><strong>Sab\u00edas qu\u00e9&#8230;<\/strong><\/em><\/span><\/p>\n<p><em><strong><img loading=\"lazy\" decoding=\"async\" class=\"alignleft wp-image-1192 \" src=\"http:\/\/www.mundomuseo.com\/wp-content\/uploads\/2014\/08\/interrogantes-1dd2-222x300.png\" alt=\"interrogantes-1dd2\" width=\"40\" height=\"54\" srcset=\"https:\/\/www.mundomuseo.com\/wp-content\/uploads\/2014\/08\/interrogantes-1dd2-222x300.png 222w, https:\/\/www.mundomuseo.com\/wp-content\/uploads\/2014\/08\/interrogantes-1dd2.png 315w\" sizes=\"auto, (max-width: 40px) 100vw, 40px\" \/>Las<span class=\"apple-converted-space\">\u00a0<\/span>minas de sal de Wieliczka, ciudad polaca, perteneciente al \u00e1rea metropolitana de Cracovia. <span style=\"color: #252525;\">Han sido explotadas sin interrupci\u00f3n desde <\/span>el siglo XIII<span style=\"color: #252525;\"> y a\u00fan hoy en d\u00eda siguen produciendo sal de mesa. Alcanzan una profundidad de 327 metros y su longitud supera los trescientos kil\u00f3metros. Reciben el sobrenombre de \u00abla catedral subterr\u00e1nea<span class=\"apple-converted-space\">\u00a0<\/span>de la sal de Polonia\u00bb.<\/span><\/strong><\/em><\/p>\n<p><em><strong>Es una de las minas de sal activas m\u00e1s antiguas del mundo. La m\u00e1s antigua est\u00e1 en Bochnia,<span style=\"color: #252525;\"> tambi\u00e9n en Polonia.<\/span><\/strong><\/em><\/p>\n<p><em><strong><img loading=\"lazy\" decoding=\"async\" class=\"alignleft wp-image-1192 \" src=\"http:\/\/www.mundomuseo.com\/wp-content\/uploads\/2014\/08\/interrogantes-1dd2-222x300.png\" alt=\"interrogantes-1dd2\" width=\"39\" height=\"53\" srcset=\"https:\/\/www.mundomuseo.com\/wp-content\/uploads\/2014\/08\/interrogantes-1dd2-222x300.png 222w, https:\/\/www.mundomuseo.com\/wp-content\/uploads\/2014\/08\/interrogantes-1dd2.png 315w\" sizes=\"auto, (max-width: 39px) 100vw, 39px\" \/>Para las antiguas civilizaciones, la sal era un bien muy codiciado, que no s\u00f3lo daba sabor a los alimentos, sino que tambi\u00e9n facilitaba la \u00fanica posibilidad de conservar la carne, por lo que a menudo se la ha definido como el\u00a0\u00aboro blanco\u00bb, la empleaban como\u00a0elemento ritual\u00a0y la dotaban de un gran simbolismo.<\/strong><\/em><\/p>\n<p><em><strong>Entre los\u00a0griegos, al igual que para los hebreos o los \u00e1rabes, la sal era s\u00edmbolo de amistad, de hospitalidad, de fraternidad.\u00a0Los griegos recib\u00edan a las visitas en casa ofreci\u00e9ndoles pan y sal.<\/strong><\/em><\/p>\n<p><em><strong> Los\u00a0beduinos firmaban entre ellos \u00abel pacto de la sal\u00bb, en el que se compart\u00eda la sal como el pan.<\/strong><\/em><\/p>\n<p><em><strong>Los\u00a0romanos\u00a0acostumbraban a colocar sal en los labios de los ni\u00f1os en periodo de lactancia para protegerlos del peligro.<\/strong><\/em><\/p>\n<p><em><strong> Adem\u00e1s los\u00a0egipcios\u00a0la empleaban para conservar alimentos y para facilitar el proceso de momificaci\u00f3n.\u00a0<\/strong><\/em><\/p>\n<p><em><strong>La palabra\u00a0\u00absalario\u00bb proviene de la paga en forma de bolsitas con sal que recib\u00edan los soldados romanos y que entonces se llamaba\u00a0\u201csalarium argentum\u201d.\u00a0<\/strong><\/em><\/p>\n<p><em><strong><span style=\"color: #0000ff;\">Auschwitz-Wadowice<\/span>: Auschwitz muestra de la \u00faltima gran barbarie que el humano ha cometido. Wadowice lugar de nacimiento\u00a0<\/strong><\/em><em><strong>de Juan Pablo II muy bonito de visitar. \u00a0<\/strong><\/em><\/p>\n<p><a title=\"Auschwitz-Wadowice\" href=\"https:\/\/www.youtube.com\/watch?v=Vx-7pZNRIiQ\" target=\"_blank\"><img loading=\"lazy\" decoding=\"async\" class=\"alignnone size-medium wp-image-894\" src=\"http:\/\/www.mundomuseo.com\/wp-content\/uploads\/2014\/06\/507-dscn1108-1-300x75.jpg\" alt=\"507 dscn1108-1\" width=\"300\" height=\"75\" srcset=\"https:\/\/www.mundomuseo.com\/wp-content\/uploads\/2014\/06\/507-dscn1108-1-300x75.jpg 300w, https:\/\/www.mundomuseo.com\/wp-content\/uploads\/2014\/06\/507-dscn1108-1-1024x258.jpg 1024w, https:\/\/www.mundomuseo.com\/wp-content\/uploads\/2014\/06\/507-dscn1108-1.jpg 1916w\" sizes=\"auto, (max-width: 300px) 100vw, 300px\" \/><\/a><\/p>\n<p><em><strong><span style=\"color: #0000ff;\">Czestochowa-Niepokalanow<\/span>: lugares curiosos de fe y peregrinaci\u00f3n.\u00a0<\/strong><\/em><\/p>\n<p><a title=\"Czestochowa-Niepokalanow \" href=\"https:\/\/www.youtube.com\/watch?v=Ec6SUP-Hvjk\" target=\"_blank\"><img loading=\"lazy\" decoding=\"async\" class=\"alignnone size-medium wp-image-895\" src=\"http:\/\/www.mundomuseo.com\/wp-content\/uploads\/2014\/06\/707-dscn1492-1-300x75.jpg\" alt=\"707 dscn1492-1\" width=\"300\" height=\"75\" srcset=\"https:\/\/www.mundomuseo.com\/wp-content\/uploads\/2014\/06\/707-dscn1492-1-300x75.jpg 300w, https:\/\/www.mundomuseo.com\/wp-content\/uploads\/2014\/06\/707-dscn1492-1-1024x258.jpg 1024w, https:\/\/www.mundomuseo.com\/wp-content\/uploads\/2014\/06\/707-dscn1492-1.jpg 1916w\" sizes=\"auto, (max-width: 300px) 100vw, 300px\" \/><\/a><\/p>\n","protected":false},"excerpt":{"rendered":"<p>Pa\u00eds por descubrir, se encuentra en el coraz\u00f3n del continente europeo, con ciudades maravillosas llenas de historia, lugares que\u00a0nos llevan a los tr\u00e1gicos acontecimientos del \u00faltimo siglo y otros de una belleza espectacular que asombran a todo visitante, lo puedes ver en estos v\u00eddeos. Varsovia: belleza resurgida de sus cenizas tras el desastre de la [&hellip;]<\/p>\n","protected":false},"author":1,"featured_media":0,"parent":18,"menu_order":0,"comment_status":"closed","ping_status":"closed","template":"","meta":{"ngg_post_thumbnail":0,"footnotes":""},"class_list":["post-886","page","type-page","status-publish","hentry"],"_links":{"self":[{"href":"https:\/\/www.mundomuseo.com\/index.php?rest_route=\/wp\/v2\/pages\/886","targetHints":{"allow":["GET"]}}],"collection":[{"href":"https:\/\/www.mundomuseo.com\/index.php?rest_route=\/wp\/v2\/pages"}],"about":[{"href":"https:\/\/www.mundomuseo.com\/index.php?rest_route=\/wp\/v2\/types\/page"}],"author":[{"embeddable":true,"href":"https:\/\/www.mundomuseo.com\/index.php?rest_route=\/wp\/v2\/users\/1"}],"replies":[{"embeddable":true,"href":"https:\/\/www.mundomuseo.com\/index.php?rest_route=%2Fwp%2Fv2%2Fcomments&post=886"}],"version-history":[{"count":10,"href":"https:\/\/www.mundomuseo.com\/index.php?rest_route=\/wp\/v2\/pages\/886\/revisions"}],"predecessor-version":[{"id":1233,"href":"https:\/\/www.mundomuseo.com\/index.php?rest_route=\/wp\/v2\/pages\/886\/revisions\/1233"}],"up":[{"embeddable":true,"href":"https:\/\/www.mundomuseo.com\/index.php?rest_route=\/wp\/v2\/pages\/18"}],"wp:attachment":[{"href":"https:\/\/www.mundomuseo.com\/index.php?rest_route=%2Fwp%2Fv2%2Fmedia&parent=886"}],"curies":[{"name":"wp","href":"https:\/\/api.w.org\/{rel}","templated":true}]}}