{"id":837,"date":"2014-05-21T10:33:40","date_gmt":"2014-05-21T10:33:40","guid":{"rendered":"http:\/\/www.mundomuseo.com\/?page_id=837"},"modified":"2015-07-20T16:26:35","modified_gmt":"2015-07-20T16:26:35","slug":"tierra-santa","status":"publish","type":"page","link":"https:\/\/www.mundomuseo.com\/?page_id=837","title":{"rendered":"Tierra Santa y Jordania"},"content":{"rendered":"<p><em><strong>Recorrido por lugares con mucha historia que nos hacen retroceder en el tiempo, convivir con diferentes culturas, cuna de religiones, espacios \u00fanicos y maravillosos, m\u00edralo en los v\u00eddeos.<\/strong><\/em><\/p>\n<p><em><strong><span style=\"color: #0000ff;\">Tiberiades<\/span>: visitamos Haifa, Nazaret y alrededores del lago Tiberiades donde Jes\u00fas predico e hizo milagros.<\/strong><\/em><\/p>\n<p><a title=\"Tiberiades\" href=\"https:\/\/www.youtube.com\/watch?v=7lc6poAFtuE\" target=\"_blank\"><img loading=\"lazy\" decoding=\"async\" class=\"alignnone size-medium wp-image-869\" src=\"http:\/\/www.mundomuseo.com\/wp-content\/uploads\/2014\/05\/dscn0164-1b-300x76.jpg\" alt=\"dscn0164-1b\" width=\"300\" height=\"76\" srcset=\"https:\/\/www.mundomuseo.com\/wp-content\/uploads\/2014\/05\/dscn0164-1b-300x76.jpg 300w, https:\/\/www.mundomuseo.com\/wp-content\/uploads\/2014\/05\/dscn0164-1b-1024x260.jpg 1024w, https:\/\/www.mundomuseo.com\/wp-content\/uploads\/2014\/05\/dscn0164-1b.jpg 1902w\" sizes=\"auto, (max-width: 300px) 100vw, 300px\" \/><\/a><\/p>\n<p><em><strong><span style=\"color: #0000ff;\">Jordania<\/span>: pa\u00eds de lugares con mucha historia como Jerash, Madaba, el monte Nebo, la capital Amman y la excepcional Petra.<\/strong><\/em><\/p>\n<p><a title=\"Jordania\" href=\"https:\/\/www.youtube.com\/watch?v=GQ15ZaF8Fnw\" target=\"_blank\"><img loading=\"lazy\" decoding=\"async\" class=\"alignnone size-medium wp-image-870\" src=\"http:\/\/www.mundomuseo.com\/wp-content\/uploads\/2014\/05\/dscn0746-1b-300x88.jpg\" alt=\"dscn0746-1b\" width=\"300\" height=\"88\" srcset=\"https:\/\/www.mundomuseo.com\/wp-content\/uploads\/2014\/05\/dscn0746-1b-300x88.jpg 300w, https:\/\/www.mundomuseo.com\/wp-content\/uploads\/2014\/05\/dscn0746-1b-1024x302.jpg 1024w, https:\/\/www.mundomuseo.com\/wp-content\/uploads\/2014\/05\/dscn0746-1b.jpg 1629w\" sizes=\"auto, (max-width: 300px) 100vw, 300px\" \/><\/a><\/p>\n<p><em><strong><span style=\"color: #0000ff;\">Jerusalen 1<\/span>: entramos por Jerico, Qumr\u00e1n, llegando a \u00a0los alrededores del Monte de los Olivos y sus lugares santos. \u00a0<\/strong><\/em><\/p>\n<p><a title=\"Jerusalen 1\" href=\"https:\/\/www.youtube.com\/watch?v=srGoatMmnUU\" target=\"_blank\"><img loading=\"lazy\" decoding=\"async\" class=\"alignnone size-medium wp-image-871\" src=\"http:\/\/www.mundomuseo.com\/wp-content\/uploads\/2014\/05\/dscn1365-2b-300x76.jpg\" alt=\"dscn1365-2b\" width=\"300\" height=\"76\" srcset=\"https:\/\/www.mundomuseo.com\/wp-content\/uploads\/2014\/05\/dscn1365-2b-300x76.jpg 300w, https:\/\/www.mundomuseo.com\/wp-content\/uploads\/2014\/05\/dscn1365-2b-1024x262.jpg 1024w, https:\/\/www.mundomuseo.com\/wp-content\/uploads\/2014\/05\/dscn1365-2b.jpg 1899w\" sizes=\"auto, (max-width: 300px) 100vw, 300px\" \/><\/a><\/p>\n<p><em><strong><span style=\"color: #0000ff;\">Jerusalen 2<\/span>: visitamos Bel\u00e9n y el centro de Jerusalen con sus lugares mas emblem\u00e1ticos.<\/strong><\/em><\/p>\n<p><a title=\"Jerusalen 2\" href=\"https:\/\/www.youtube.com\/watch?v=J1ACX3SE5W4\" target=\"_blank\"><img loading=\"lazy\" decoding=\"async\" class=\"alignnone size-medium wp-image-872\" src=\"http:\/\/www.mundomuseo.com\/wp-content\/uploads\/2014\/05\/dscn1932-1b-300x89.jpg\" alt=\"dscn1932-1b\" width=\"300\" height=\"89\" srcset=\"https:\/\/www.mundomuseo.com\/wp-content\/uploads\/2014\/05\/dscn1932-1b-300x89.jpg 300w, https:\/\/www.mundomuseo.com\/wp-content\/uploads\/2014\/05\/dscn1932-1b-1024x305.jpg 1024w, https:\/\/www.mundomuseo.com\/wp-content\/uploads\/2014\/05\/dscn1932-1b.jpg 1623w\" sizes=\"auto, (max-width: 300px) 100vw, 300px\" \/><\/a><\/p>\n","protected":false},"excerpt":{"rendered":"<p>Recorrido por lugares con mucha historia que nos hacen retroceder en el tiempo, convivir con diferentes culturas, cuna de religiones, espacios \u00fanicos y maravillosos, m\u00edralo en los v\u00eddeos. Tiberiades: visitamos Haifa, Nazaret y alrededores del lago Tiberiades donde Jes\u00fas predico e hizo milagros. Jordania: pa\u00eds de lugares con mucha historia como Jerash, Madaba, el monte [&hellip;]<\/p>\n","protected":false},"author":1,"featured_media":0,"parent":18,"menu_order":0,"comment_status":"closed","ping_status":"closed","template":"","meta":{"ngg_post_thumbnail":0,"footnotes":""},"class_list":["post-837","page","type-page","status-publish","hentry"],"_links":{"self":[{"href":"https:\/\/www.mundomuseo.com\/index.php?rest_route=\/wp\/v2\/pages\/837","targetHints":{"allow":["GET"]}}],"collection":[{"href":"https:\/\/www.mundomuseo.com\/index.php?rest_route=\/wp\/v2\/pages"}],"about":[{"href":"https:\/\/www.mundomuseo.com\/index.php?rest_route=\/wp\/v2\/types\/page"}],"author":[{"embeddable":true,"href":"https:\/\/www.mundomuseo.com\/index.php?rest_route=\/wp\/v2\/users\/1"}],"replies":[{"embeddable":true,"href":"https:\/\/www.mundomuseo.com\/index.php?rest_route=%2Fwp%2Fv2%2Fcomments&post=837"}],"version-history":[{"count":10,"href":"https:\/\/www.mundomuseo.com\/index.php?rest_route=\/wp\/v2\/pages\/837\/revisions"}],"predecessor-version":[{"id":1211,"href":"https:\/\/www.mundomuseo.com\/index.php?rest_route=\/wp\/v2\/pages\/837\/revisions\/1211"}],"up":[{"embeddable":true,"href":"https:\/\/www.mundomuseo.com\/index.php?rest_route=\/wp\/v2\/pages\/18"}],"wp:attachment":[{"href":"https:\/\/www.mundomuseo.com\/index.php?rest_route=%2Fwp%2Fv2%2Fmedia&parent=837"}],"curies":[{"name":"wp","href":"https:\/\/api.w.org\/{rel}","templated":true}]}}