{"id":518,"date":"2014-04-14T17:38:36","date_gmt":"2014-04-14T17:38:36","guid":{"rendered":"http:\/\/www.mundomuseo.com\/?page_id=518"},"modified":"2015-07-20T16:25:54","modified_gmt":"2015-07-20T16:25:54","slug":"crucero-emiratos-arabes","status":"publish","type":"page","link":"https:\/\/www.mundomuseo.com\/?page_id=518","title":{"rendered":"Crucero Emirat\u00f3s Arabes"},"content":{"rendered":"<p><em><strong>Crucero por el estrecho de Ormuz, visitando los emiratos de Abu Dabi, capital de los Emiratos \u00c1rabes, \u00a0Dubai y Fujairah, \u00a0llegando hasta Mascate capital de Om\u00e1n, un recorrido muy interesante por la cultura \u00e1rabe. Disfruta con los v\u00eddeos siguientes.<\/strong><\/em><\/p>\n<p><em><strong><span style=\"color: #0000ff;\">Crucero<\/span>: interior de nuestro buque.\u00a0<\/strong><\/em><\/p>\n<p><a title=\"V\u00eddeo crucero\" href=\"https:\/\/www.youtube.com\/watch?v=zKcVu41DJYQ\" target=\"_blank\"><img loading=\"lazy\" decoding=\"async\" class=\"alignnone size-medium wp-image-528\" src=\"http:\/\/www.mundomuseo.com\/wp-content\/uploads\/2014\/04\/dscn0090-2a-300x71.jpg\" alt=\"dscn0090-2a\" width=\"300\" height=\"71\" srcset=\"https:\/\/www.mundomuseo.com\/wp-content\/uploads\/2014\/04\/dscn0090-2a-300x71.jpg 300w, https:\/\/www.mundomuseo.com\/wp-content\/uploads\/2014\/04\/dscn0090-2a-1024x244.jpg 1024w, https:\/\/www.mundomuseo.com\/wp-content\/uploads\/2014\/04\/dscn0090-2a.jpg 1875w\" sizes=\"auto, (max-width: 300px) 100vw, 300px\" \/><\/a><\/p>\n<p>&nbsp;<\/p>\n<p><em><strong><span style=\"color: #0000ff;\">Abu Dabi<\/span>: capital de los emiratos \u00e1rabes y del emirato homonimo.<\/strong><\/em><\/p>\n<p><a title=\"V\u00eddeo Abu Dabi\" href=\"https:\/\/www.youtube.com\/watch?v=73_2jX5irZ0\" target=\"_blank\"><img loading=\"lazy\" decoding=\"async\" class=\"alignnone size-medium wp-image-532\" src=\"http:\/\/www.mundomuseo.com\/wp-content\/uploads\/2014\/04\/dscn0688-1a-300x72.jpg\" alt=\"dscn0688-1a\" width=\"300\" height=\"72\" srcset=\"https:\/\/www.mundomuseo.com\/wp-content\/uploads\/2014\/04\/dscn0688-1a-300x72.jpg 300w, https:\/\/www.mundomuseo.com\/wp-content\/uploads\/2014\/04\/dscn0688-1a-1024x246.jpg 1024w, https:\/\/www.mundomuseo.com\/wp-content\/uploads\/2014\/04\/dscn0688-1a.jpg 1860w\" sizes=\"auto, (max-width: 300px) 100vw, 300px\" \/><\/a><\/p>\n<p>&nbsp;<\/p>\n<p><em><strong><span style=\"color: #0000ff;\">Fujairah<\/span>: \u00fanico emirato situado en la costa oriental, en el golfo de Oman.<\/strong><\/em><\/p>\n<p><a title=\"V\u00eddeo fijairah\" href=\"https:\/\/www.youtube.com\/watch?v=uIeG1oMOxeI\" target=\"_blank\"><img loading=\"lazy\" decoding=\"async\" class=\"alignnone size-medium wp-image-533\" src=\"http:\/\/www.mundomuseo.com\/wp-content\/uploads\/2014\/04\/dscn1096-1a-300x79.jpg\" alt=\"dscn1096-1a\" width=\"300\" height=\"79\" srcset=\"https:\/\/www.mundomuseo.com\/wp-content\/uploads\/2014\/04\/dscn1096-1a-300x79.jpg 300w, https:\/\/www.mundomuseo.com\/wp-content\/uploads\/2014\/04\/dscn1096-1a-1024x271.jpg 1024w, https:\/\/www.mundomuseo.com\/wp-content\/uploads\/2014\/04\/dscn1096-1a.jpg 1880w\" sizes=\"auto, (max-width: 300px) 100vw, 300px\" \/><\/a><\/p>\n<p>&nbsp;<\/p>\n<p><em><strong><span style=\"color: #0000ff;\">Mascate<\/span>: \u00a0la mayor ciudad y capital de Om\u00e1n.<\/strong><\/em><\/p>\n<p><a title=\"V\u00eddeo Mascate\" href=\"https:\/\/www.youtube.com\/watch?v=eYng1DMM1Mw\" target=\"_blank\"><img loading=\"lazy\" decoding=\"async\" class=\"alignnone size-medium wp-image-534\" src=\"http:\/\/www.mundomuseo.com\/wp-content\/uploads\/2014\/04\/dscn1661-1a-300x74.jpg\" alt=\"dscn1661-1a\" width=\"300\" height=\"74\" srcset=\"https:\/\/www.mundomuseo.com\/wp-content\/uploads\/2014\/04\/dscn1661-1a-300x74.jpg 300w, https:\/\/www.mundomuseo.com\/wp-content\/uploads\/2014\/04\/dscn1661-1a-1024x255.jpg 1024w, https:\/\/www.mundomuseo.com\/wp-content\/uploads\/2014\/04\/dscn1661-1a.jpg 1898w\" sizes=\"auto, (max-width: 300px) 100vw, 300px\" \/><\/a><\/p>\n<p>&nbsp;<\/p>\n<p><em><strong><span style=\"color: #0000ff;\">Dubai<\/span>: emirato situado en el golfo Persico, \u00a0con grandes atractivos hoy d\u00eda los m\u00e1s grades del mundo, como el centro comercial \u00abDubai Mall\u00bb inaugurado en 2008, con 111 hect\u00e1reas, m\u00e1s de 1200 tiendas y 14000 plazas de parking, junto a \u00e9l tambi\u00e9n se encuentra el \u00abBarj Khalifa\u00bb, el edificio m\u00e1s alto del mundo. \u00a0\u00a0<\/strong><\/em><\/p>\n<p><a title=\"V\u00eddeo Dubai\" href=\"https:\/\/www.youtube.com\/watch?v=o6e3-bv9FHA\" target=\"_blank\"><img loading=\"lazy\" decoding=\"async\" class=\"alignnone size-medium wp-image-601\" src=\"http:\/\/www.mundomuseo.com\/wp-content\/uploads\/2014\/04\/dscn2111-1a-300x75.jpg\" alt=\"dscn2111-1a\" width=\"300\" height=\"75\" srcset=\"https:\/\/www.mundomuseo.com\/wp-content\/uploads\/2014\/04\/dscn2111-1a-300x75.jpg 300w, https:\/\/www.mundomuseo.com\/wp-content\/uploads\/2014\/04\/dscn2111-1a-1024x258.jpg 1024w, https:\/\/www.mundomuseo.com\/wp-content\/uploads\/2014\/04\/dscn2111-1a.jpg 1899w\" sizes=\"auto, (max-width: 300px) 100vw, 300px\" \/><\/a><\/p>\n<p><span style=\"color: #0000ff;\"><em><strong>Sab\u00edas qu\u00e9&#8230;<\/strong><\/em><\/span><\/p>\n<p><em><strong><img loading=\"lazy\" decoding=\"async\" class=\"alignleft wp-image-1192\" src=\"http:\/\/www.mundomuseo.com\/wp-content\/uploads\/2014\/08\/interrogantes-1dd2-222x300.png\" alt=\"interrogantes-1dd2\" width=\"52\" height=\"56\" \/>El primer centro comercial data de hace casi 2000 a\u00f1os, cuando el emperador Trajano encargo al arquitecto Apolodoro de Damasco, que construyera un espacio cerrado donde se pudiera comprar de todo. Tenia seis plantas: en las inferiores hab\u00eda 150 tiendas y, en las altas, oficinas, como en los centros comerciales actuales.<\/strong><\/em><\/p>\n<p><em><strong><img loading=\"lazy\" decoding=\"async\" class=\"alignleft wp-image-1192\" src=\"http:\/\/www.mundomuseo.com\/wp-content\/uploads\/2014\/08\/interrogantes-1dd2-222x300.png\" alt=\"interrogantes-1dd2\" width=\"51\" height=\"54\" \/>El primer edificio considerado como rascacielos fue el Home Insurance Building, dise\u00f1ado por William Le Baron Jenney. Fue construido en Chicago entre 1884 y 1885 y constaba de diez plantas. Hoy el edificio mas alto del mundo es el Burj Khalifa de 163 pisos y 828 m. altura.\u00a0<\/strong><\/em><\/p>\n<p>&nbsp;<\/p>\n","protected":false},"excerpt":{"rendered":"<p>Crucero por el estrecho de Ormuz, visitando los emiratos de Abu Dabi, capital de los Emiratos \u00c1rabes, \u00a0Dubai y Fujairah, \u00a0llegando hasta Mascate capital de Om\u00e1n, un recorrido muy interesante por la cultura \u00e1rabe. Disfruta con los v\u00eddeos siguientes. Crucero: interior de nuestro buque.\u00a0 &nbsp; Abu Dabi: capital de los emiratos \u00e1rabes y del emirato [&hellip;]<\/p>\n","protected":false},"author":1,"featured_media":0,"parent":1152,"menu_order":0,"comment_status":"closed","ping_status":"closed","template":"","meta":{"ngg_post_thumbnail":0,"footnotes":""},"class_list":["post-518","page","type-page","status-publish","hentry"],"_links":{"self":[{"href":"https:\/\/www.mundomuseo.com\/index.php?rest_route=\/wp\/v2\/pages\/518","targetHints":{"allow":["GET"]}}],"collection":[{"href":"https:\/\/www.mundomuseo.com\/index.php?rest_route=\/wp\/v2\/pages"}],"about":[{"href":"https:\/\/www.mundomuseo.com\/index.php?rest_route=\/wp\/v2\/types\/page"}],"author":[{"embeddable":true,"href":"https:\/\/www.mundomuseo.com\/index.php?rest_route=\/wp\/v2\/users\/1"}],"replies":[{"embeddable":true,"href":"https:\/\/www.mundomuseo.com\/index.php?rest_route=%2Fwp%2Fv2%2Fcomments&post=518"}],"version-history":[{"count":10,"href":"https:\/\/www.mundomuseo.com\/index.php?rest_route=\/wp\/v2\/pages\/518\/revisions"}],"predecessor-version":[{"id":1206,"href":"https:\/\/www.mundomuseo.com\/index.php?rest_route=\/wp\/v2\/pages\/518\/revisions\/1206"}],"up":[{"embeddable":true,"href":"https:\/\/www.mundomuseo.com\/index.php?rest_route=\/wp\/v2\/pages\/1152"}],"wp:attachment":[{"href":"https:\/\/www.mundomuseo.com\/index.php?rest_route=%2Fwp%2Fv2%2Fmedia&parent=518"}],"curies":[{"name":"wp","href":"https:\/\/api.w.org\/{rel}","templated":true}]}}