{"id":1814,"date":"2017-03-29T07:41:20","date_gmt":"2017-03-29T07:41:20","guid":{"rendered":"http:\/\/www.mundomuseo.com\/?page_id=1814"},"modified":"2017-03-29T09:00:28","modified_gmt":"2017-03-29T09:00:28","slug":"numismatica","status":"publish","type":"page","link":"https:\/\/www.mundomuseo.com\/?page_id=1814","title":{"rendered":"Numism\u00e1tica"},"content":{"rendered":"<p><a href=\"http:\/\/www.mundomuseo.com\/?page_id=148\"><img loading=\"lazy\" decoding=\"async\" class=\"alignnone wp-image-1820\" title=\"BILLETES DE ESPA\u00d1A\" src=\"http:\/\/www.mundomuseo.com\/wp-content\/uploads\/2017\/03\/n-billetes-espa\u00f1a-a-640x480-279x300.jpg\" alt=\"\" width=\"196\" height=\"211\" srcset=\"https:\/\/www.mundomuseo.com\/wp-content\/uploads\/2017\/03\/n-billetes-espa\u00f1a-a-640x480-279x300.jpg 279w, https:\/\/www.mundomuseo.com\/wp-content\/uploads\/2017\/03\/n-billetes-espa\u00f1a-a-640x480.jpg 447w\" sizes=\"auto, (max-width: 196px) 100vw, 196px\" \/><\/a><\/p>\n<p><em><strong><span style=\"color: #0000ff;\">Sab\u00edas qu\u00e9..<\/span><\/strong><\/em><\/p>\n<p><em><strong><span style=\"color: #0000ff;\"><img loading=\"lazy\" decoding=\"async\" class=\"wp-image-1192 alignleft\" src=\"http:\/\/www.mundomuseo.com\/wp-content\/uploads\/2014\/08\/interrogantes-1dd2-222x300.png\" alt=\"\" width=\"43\" height=\"58\" srcset=\"https:\/\/www.mundomuseo.com\/wp-content\/uploads\/2014\/08\/interrogantes-1dd2-222x300.png 222w, https:\/\/www.mundomuseo.com\/wp-content\/uploads\/2014\/08\/interrogantes-1dd2.png 315w\" sizes=\"auto, (max-width: 43px) 100vw, 43px\" \/>\u00a0<span style=\"color: #000000;\">Numism\u00e1tica, es el estudio y coleccionismo de monedas y papel moneda emitido por una naci\u00f3n con el dise\u00f1o oficial del pa\u00eds.<\/span><\/span><\/strong><\/em><\/p>\n","protected":false},"excerpt":{"rendered":"<p>Sab\u00edas qu\u00e9.. \u00a0Numism\u00e1tica, es el estudio y coleccionismo de monedas y papel moneda emitido por una naci\u00f3n con el dise\u00f1o oficial del pa\u00eds.<\/p>\n","protected":false},"author":1,"featured_media":0,"parent":786,"menu_order":0,"comment_status":"closed","ping_status":"closed","template":"","meta":{"ngg_post_thumbnail":0,"footnotes":""},"class_list":["post-1814","page","type-page","status-publish","hentry"],"_links":{"self":[{"href":"https:\/\/www.mundomuseo.com\/index.php?rest_route=\/wp\/v2\/pages\/1814","targetHints":{"allow":["GET"]}}],"collection":[{"href":"https:\/\/www.mundomuseo.com\/index.php?rest_route=\/wp\/v2\/pages"}],"about":[{"href":"https:\/\/www.mundomuseo.com\/index.php?rest_route=\/wp\/v2\/types\/page"}],"author":[{"embeddable":true,"href":"https:\/\/www.mundomuseo.com\/index.php?rest_route=\/wp\/v2\/users\/1"}],"replies":[{"embeddable":true,"href":"https:\/\/www.mundomuseo.com\/index.php?rest_route=%2Fwp%2Fv2%2Fcomments&post=1814"}],"version-history":[{"count":6,"href":"https:\/\/www.mundomuseo.com\/index.php?rest_route=\/wp\/v2\/pages\/1814\/revisions"}],"predecessor-version":[{"id":1823,"href":"https:\/\/www.mundomuseo.com\/index.php?rest_route=\/wp\/v2\/pages\/1814\/revisions\/1823"}],"up":[{"embeddable":true,"href":"https:\/\/www.mundomuseo.com\/index.php?rest_route=\/wp\/v2\/pages\/786"}],"wp:attachment":[{"href":"https:\/\/www.mundomuseo.com\/index.php?rest_route=%2Fwp%2Fv2%2Fmedia&parent=1814"}],"curies":[{"name":"wp","href":"https:\/\/api.w.org\/{rel}","templated":true}]}}