{"id":1298,"date":"2014-10-14T09:27:37","date_gmt":"2014-10-14T09:27:37","guid":{"rendered":"http:\/\/www.mundomuseo.com\/?page_id=1298"},"modified":"2015-07-20T16:25:54","modified_gmt":"2015-07-20T16:25:54","slug":"perfume-colonia","status":"publish","type":"page","link":"https:\/\/www.mundomuseo.com\/?page_id=1298","title":{"rendered":"Perfume &#8211; Colonia"},"content":{"rendered":"<p><em><strong>Selecci\u00f3n de frascos de perfume y colonia de la colecci\u00f3n particular.<\/strong><\/em><\/p>\n<p>&nbsp;<\/p>\n<p>[book id=3]<\/p>\n<p><span style=\"color: #0000ff;\"><em><strong>Sab\u00edas qu\u00e9 &#8230;<\/strong><\/em><\/span><\/p>\n<p><em><strong><img loading=\"lazy\" decoding=\"async\" class=\"alignleft wp-image-1192 \" src=\"http:\/\/www.mundomuseo.com\/wp-content\/uploads\/2014\/08\/interrogantes-1dd2-222x300.png\" alt=\"interrogantes-1dd2\" width=\"39\" height=\"53\" srcset=\"https:\/\/www.mundomuseo.com\/wp-content\/uploads\/2014\/08\/interrogantes-1dd2-222x300.png 222w, https:\/\/www.mundomuseo.com\/wp-content\/uploads\/2014\/08\/interrogantes-1dd2.png 315w\" sizes=\"auto, (max-width: 39px) 100vw, 39px\" \/>Los inicios de la\u00a0perfumer\u00eda\u00a0se remontan a la Edad de Piedra, cuando los hombres incineraban maderas arom\u00e1ticas para complacer con humo (per fumum) a sus divinidades. De ah\u00ed el origen de la palabra.<\/strong><\/em><\/p>\n<p><em><strong>No obstante, la fabricaci\u00f3n de\u00a0perfumes\u00a0para uso humano comenz\u00f3 con los egipcios, quienes fueron los primeros perfumistas artesanales de que se tiene noticia y que lograron extraer aromas naturales de los m\u00e1s variados tipos.<\/strong><\/em><\/p>\n<p><em><strong><img loading=\"lazy\" decoding=\"async\" class=\"alignleft wp-image-1192\" src=\"http:\/\/www.mundomuseo.com\/wp-content\/uploads\/2014\/08\/interrogantes-1dd2-222x300.png\" alt=\"interrogantes-1dd2\" width=\"40\" height=\"54\" srcset=\"https:\/\/www.mundomuseo.com\/wp-content\/uploads\/2014\/08\/interrogantes-1dd2-222x300.png 222w, https:\/\/www.mundomuseo.com\/wp-content\/uploads\/2014\/08\/interrogantes-1dd2.png 315w\" sizes=\"auto, (max-width: 40px) 100vw, 40px\" \/>El\u00a0Agua de Colonia Original\u00a0es una denominaci\u00f3n registrada como la marca de perfume m\u00e1s antigua del mundo. Su nombre se debe a que fue creada en la ciudad de\u00a0Colonia,\u00a0Alemania. Esta agua perfumada es una soluci\u00f3n de aceites et\u00e9reos diluidos en un solvente\u00a0etanol. Juan Maria Farina, cre\u00f3 en 1709 su fragancia \u00abFarina aqua mirabilis\u00bb. <\/strong><\/em><\/p>\n","protected":false},"excerpt":{"rendered":"<p>Selecci\u00f3n de frascos de perfume y colonia de la colecci\u00f3n particular. &nbsp; [book id=3] Sab\u00edas qu\u00e9 &#8230; Los inicios de la\u00a0perfumer\u00eda\u00a0se remontan a la Edad de Piedra, cuando los hombres incineraban maderas arom\u00e1ticas para complacer con humo (per fumum) a sus divinidades. De ah\u00ed el origen de la palabra. No obstante, la fabricaci\u00f3n de\u00a0perfumes\u00a0para uso [&hellip;]<\/p>\n","protected":false},"author":1,"featured_media":0,"parent":1273,"menu_order":0,"comment_status":"closed","ping_status":"closed","template":"","meta":{"ngg_post_thumbnail":0,"footnotes":""},"class_list":["post-1298","page","type-page","status-publish","hentry"],"_links":{"self":[{"href":"https:\/\/www.mundomuseo.com\/index.php?rest_route=\/wp\/v2\/pages\/1298","targetHints":{"allow":["GET"]}}],"collection":[{"href":"https:\/\/www.mundomuseo.com\/index.php?rest_route=\/wp\/v2\/pages"}],"about":[{"href":"https:\/\/www.mundomuseo.com\/index.php?rest_route=\/wp\/v2\/types\/page"}],"author":[{"embeddable":true,"href":"https:\/\/www.mundomuseo.com\/index.php?rest_route=\/wp\/v2\/users\/1"}],"replies":[{"embeddable":true,"href":"https:\/\/www.mundomuseo.com\/index.php?rest_route=%2Fwp%2Fv2%2Fcomments&post=1298"}],"version-history":[{"count":6,"href":"https:\/\/www.mundomuseo.com\/index.php?rest_route=\/wp\/v2\/pages\/1298\/revisions"}],"predecessor-version":[{"id":1308,"href":"https:\/\/www.mundomuseo.com\/index.php?rest_route=\/wp\/v2\/pages\/1298\/revisions\/1308"}],"up":[{"embeddable":true,"href":"https:\/\/www.mundomuseo.com\/index.php?rest_route=\/wp\/v2\/pages\/1273"}],"wp:attachment":[{"href":"https:\/\/www.mundomuseo.com\/index.php?rest_route=%2Fwp%2Fv2%2Fmedia&parent=1298"}],"curies":[{"name":"wp","href":"https:\/\/api.w.org\/{rel}","templated":true}]}}